2*b - 2*f - 8. Let t(j) = -76*j + 242*j - 86*j - 2 - 77*j - 14*j. Give t(b).
20
Let l(d) = -18*d - 12*d - 7 + 3 + 31*d + 2*d. Suppose m + m = 4. What is l(m)?
2
Let u(s) = -s**3 - 8*s**2 - 7*s - 4. Suppose -5*t - 10 = -y, -4 = 5*y - 0*t + 2*t. Suppose j + y = -7. Determine u(j).
-4
Suppose 0 = 3*j - 1527 + 60. Let v(s) = 8*s + s**3 - 7*s**2 + 964 - j - 483. Give v(6).
4
Suppose 96*w - 125 = 91*w. Let u(i) = w*i - 16*i - 5*i**2 - 15*i + i**3 + 1. Calculate u(6).
1
Let d(n) = 3*n - 9. Suppose -9*q = -6*q - 12. Suppose 0 = -5*c + 25, -q*k + 17 = -c - 2*c. Calculate d(k).
15
Let l(f) = -2*f**2 - 5*f + 2. Let n be l(-4). Let d(z) = 4*z - 21. Let m be d(6). Let u(r) = 19*r - m - 4*r - r**3 - 4*r - r - 9*r**2. What is u(n)?
-3
Let v(c) = -2*c**3 + 2*c**2. Suppose -r - j - 306 = 0, -105 - 191 = r - j. Let a = 303 + r. What is v(a)?
-8
Let h(a) = -a**2 - 3*a + 4. Let f = -4 + 6. Let v = -22 + 25. Let y be -8 - (-1 - f/v*3). What is h(y)?
-6
Let t(d) = 4*d**2 - 13*d + 2. Let l be t(1). Let i(h) = h**3 + 8*h**2 + 4*h - 4. What is i(l)?
17
Suppose -31*l - 10 = -36*l. Let g(z) = 4 - l*z + 8 + 3*z. Calculate g(-11).
1
Let b = -334 - -330. Let x(r) be the second derivative of 3*r**3/2 + r**2/2 - 2*r - 13. Determine x(b).
-35
Suppose 0 = 3*g - 5*t - 16, 2*t - 4*t - 2 = g. Suppose 4*f = -3*a + 1 - 24, 3 = -f + g*a. Let p(k) = -k**2 - 5*k + 4. Determine p(f).
4
Let t(k) = -k**3 - 9*k**2 - 7. Let o = 2227 + -2236. What is t(o)?
-7
Let s(n) be the second derivative of n**3/6 + n**2 - n. Let f(v) = v**2 + 5*v - 28. Let t be f(-8). Let m be (-112)/t*(-2)/8. Determine s(m).
-5
Let l(s) = 5*s - 179. Let k(f) = -f + 39. Let j(i) = 9*k(i) + 2*l(i). Suppose 0 = -y + 10 - 4. Determine j(y).
-1
Let q(l) = -l + 3. Let m(s) = -2*s**2 + 10*s + 12. Suppose k + 61 = -u, -55 = 2*u - u - k. Let b = u + 64. Let r be m(b). What is q(r)?
3
Let h be (-8)/(-64)*378 - (-6)/8. Let l = -43 + h. Suppose l*x + t + 5 = 4*t, t = -4*x + 13. Let c(n) = -3*n - 2. Give c(x).
-8
Let a(k) = 4471455*k + k**2 + 8 - 39 - 4471448*k. Determine a(-10).
-1
Let m(w) = 13*w + 4. Let n(t) = 6*t + 2. Let l(f) = f**3 - 22*f**2 + 41*f - 25. Let o be l(20). Let u(g) = o*n(g) + 2*m(g). Calculate u(1).
-6
Let l(h) = h**3 - 3*h**2 + h + 2. Suppose -b - 1 + 7 = m, 5*b - 3 = 4*m. Suppose -b*y - 14 = -i, -5*i - 4*y - 8 = -i. What is l(i)?
0
Suppose -8*x - 23 = -9*x + 3*o, -2*o + 22 = 4*x. Let k(f) be the third derivative of 0 - 1/6*f**3 - x*f**2 + 0*f**4 + 0*f - 13/120*f**6 + 0*f**5. What is k(1)?
-14
Let w(d) be the second derivative of d**7/2520 + d**6/144 - 37*d**4/12 + 9*d. Let f(s) be the third derivative of w(s). Let k be (6/(-4))/(1/2). Calculate f(k).
-6
Let b(d) = -15*d**2 - 18*d - 9. Let y(u) = -2*u**2 - u. Let p(i) = b(i) - 8*y(i). Give p(10).
-9
Let k(r) = -r - 16. Let c = 94 - 87. Suppose -c*g = -6*g + 14. Give k(g).
-2
Let l be 51/(-12) + (0 - (-8)/32). Let p(v) = v**2 + v + 2. Determine p(l).
14
Let j(o) = -3*o + 8. Let v(x) = 9*x - 23. Let m(p) = 17*j(p) + 6*v(p). Suppose 16*t = 5*n + 12*t + 7, 5*t - 2 = 4*n. Calculate m(n).
-11
Let x(y) = -y**3 + y + 32. Let p(c) = -c**3 - 16*c**2 + 11*c + 121. Let h(o) = p(o) - 4*x(o). What is h(5)?
3
Let h(q) = 65*q. Let x(o) = 3*o. Let m(k) = -2*h(k) + 45*x(k). Suppose 5*c = -4*v - 3, -383*c = -4*v - 381*c - 10. What is m(v)?
-10
Let a(o) be the second derivative of -o**4/2 - 5*o**3/6 + 27*o**2/2 - 3906*o. Calculate a(2).
-7
Let q(h) = h - 5. Let g(y) = y**3 + 8*y**2 - 18*y + 7. Let p be g(-10). Let a(c) = 3*c - 11. Let o(r) = p*q(r) + 6*a(r). Give o(1).
4
Let i(x) = -3*x - 2. Let n(h) = -2*h**2 - 12*h - 13. Let r be n(-2). Suppose 0 = r*a - o - 7, 2*a - 5*o - 10 + 1 = 0. Calculate i(a).
-8
Let i(p) = 8931*p**2 + 24*p - 28 + 21 - 8926*p**2. Determine i(-5).
-2
Let i(h) = -2*h**3 - 26*h**2 - 4*h + 37. Let g be i(-14). Let o = g - 482. Let u(r) = r**3 - 2*r + 4. What is u(o)?
25
Let j(b) = -b**3 + 23*b**2 + 49*b + 18. Suppose -5*t + 80 = -5*v, 4*v = 69*t - 66*t - 39. What is j(t)?
-7
Let z(j) = 6*j - 6. Let u(c) = -80*c + 56. Let k(f) = -u(f) - 12*z(f). Give k(-12).
-80
Let h(i) be the first derivative of 2*i**2 + 23*i - 689. Determine h(-6).
-1
Suppose 0 = -39*d + 1740 - 1662. Let y(c) be the first derivative of -3*c - 1/2*c**d - 21 - 4/3*c**3 - 1/4*c**4. What is y(-4)?
1
Let f(j) = -3*j + 3853 - j**2 + j - 3846 + 2*j. Let c = 10 - 5. Suppose 0 = -c*o + 2*o. Give f(o).
7
Suppose 4*v - 268 = 4*g, -4*g = -6*g - v - 119. Let r be 43/(-15) + g/465. Let q(s) = -s**3 - 5*s**2 + 1. Determine q(r).
-17
Let x(k) = -k**3 + 29*k**2 + 2*k - 62. Suppose 1367 + 2258 = 92*u + 33*u. Calculate x(u).
-4
Let a(o) = 13*o**3 + 17*o**2 - 18*o + 13. Let v(j) = 28*j**3 + 35*j**2 - 37*j + 27. Let t(d) = 13*a(d) - 6*v(d). Calculate t(-12).
7
Let d = 54 - 60. Let o be 9/d*(4 - (0 - -2)). Let f(c) = -c**3 - 4*c**2 - 2*c - 2. Calculate f(o).
-5
Let w(g) = -2*g**2 + 5*g - 8. Suppose -91*h + 316 = 134. Determine w(h).
-6
Let b be (-5 - (0 + -5))/(-2). Let v(p) = -p**2 - 525 - 4*p + 3*p + 490. What is v(b)?
-35
Let m(x) = -x**2 + 5*x. Let g(j) = j - 2. Let k(r) = 2*g(r) - m(r). Give k(9).
50
Let r be (-24)/10*60/18. Let q be (6/r)/((-27)/72). Let p(c) = -c - 1. Let k(l) = 21*l + 15. Let d(a) = k(a) + 18*p(a). Give d(q).
3
Suppose -10*q + 1188 = 238. Let u = q + -100. Let v(b) = -b**2 - 5*b - 1. Calculate v(u).
-1
Let b(t) = t**2 - 113*t + 17. Let a(v) = 74*v - 15. Let r(y) = -3*a(y) - 2*b(y). Give r(3).
5
Let t(m) = -109*m + 4. Let a(f) = -10*f. Let l(h) = -11*a(h) + t(h). Give l(5).
9
Let i(g) be the third derivative of -17*g**4/12 + 11*g**3 + 5062*g**2. Determine i(3).
-36
Let o(r) = 2*r + 7. Let s(l) = 14*l + 48. Let a(v) = 15*o(v) - 2*s(v). Give a(-2).
5
Let n(o) = -9 + 2542*o - 7626*o + 2540*o + 2543*o. Calculate n(-26).
17
Let k(x) be the third derivative of -x**5/60 + 7*x**4/8 - x**3 + 799*x**2. Determine k(21).
-6
Let r(y) be the third derivative of -y**5/60 - y**4/8 - y**3/6 + 794*y**2. Determine r(-3).
-1
Let k = -2 + 7. Let q = 1487 - 1484. Let c(t) = t**2 + 15*t + 1. Let v(w) = -w**2 - 8*w - 1. Let s(h) = k*v(h) + q*c(h). What is s(3)?
-5
Let v(f) = -136*f + 3. Let r be v(2). Let j = -271 - r. Let c(z) = z**3 + 2*z**2 + 1. What is c(j)?
1
Let j(v) be the first derivative of v**4/4 - v**3/3 + v**2/2 - 3*v - 1599. Let i(w) = -w - 12. Let u be i(-10). Let h = 2 + u. What is j(h)?
-3
Let c(t) = -3*t**3 - 2*t**2 + t. Let h(i) = -17*i**3 - 9*i**2 + 7*i + 2. Let g(l) = 11*c(l) - 2*h(l). What is g(5)?
6
Suppose -d + 1 = -2*n + 24, -25 = -2*n - d. Suppose -15*p - n = -13*p. Let h(g) be the third derivative of g**4/24 - g**3/3 - 15*g**2. Give h(p).
-8
Let k(r) = -11*r**2 + 3*r + 3. Let u(d) = -30*d**2 + 9*d + 9. Let b(c) = 11*k(c) - 4*u(c). Suppose 0 = -4*o + 5*i - i - 8, 3*o + 6 = -5*i. Calculate b(o).
-1
Let o(j) be the first derivative of -7*j**2 - 8*j - 259 - 1/3*j**3. What is o(-13)?
5
Let r(c) = -c**3 + 10*c**2 + 11*c + 7. Let n be r(11). Let l(b) be the first derivative of 4*b**2 + 14 - 1/3*b**3 - 6*b. Give l(n).
1
Let c(d) = -34*d + 901 - 482 - 554. Determine c(-4).
1
Let b = -144 - -146. Let a(u) = -2*u**2 + 14 - 28 + 12 - b*u. Calculate a(-2).
-6
Let t(h) = -h**3 + 6*h**2 + h + 7. Let d(o) = 96*o + 487. Let g be d(-5). Determine t(g).
-35
Let l be (1 + (-14)/2)/(-1). Let x(j) = 15*j**3 - 4 + j**2 + 6*j**3 + 5*j**2 - 2*j + 12*j**3 - 34*j**3. Calculate x(l).
-16
Let c(n) = n**3 + 9*n**2 + 7*n - 2. Let j be (5 - -1)*80/(-96). What is c(j)?
63
Let d be (-6 + 91/14 + -5)*2. Let u(r) = -r - 19. What is u(d)?
-10
Let s(j) = 2*j**2 - 28*j + 90. Suppose 13377*o + 324 = 13413*o. Give s(o).
0
Let q = 4133 - 4115. Let r(i) = -10*i + 183. Give r(q).
3
Let o(i) = -20 + 10 + i**2 - 4*i + 0*i + 11. Suppose -2*r + 0*x + 4*x = 50, -2*r + 5*x = 46. Let j = 36 + r. Calculate o(j).
-2
Let h(s) = -27*s**3 - 2*s**2 - 11*s - 24. Let o be h(-2). Suppose -o*c + 213*c + 42 = 0. Let x(z) = 7 + 3*z + 0*z - z. What is x(c)?
-5
Let l(k) be the first derivative of k**3/3 + 3*k**2/2 - 3*k - 118090. Let h = -17 - -12. What is l(h)?
7
Let z be 6 - (7 - (-24)/(-3) - -3). Let j(u) = -2*u**3 + 5*u**2 - 5*u + 3. Give j(z).
-65
Suppose 13 = a - 3*v, 2*a + v = 4*a - 11. Suppose -4*o + 12 = 0, -580 = -4*f - f - 5*o. Let p(q) = -3 + 116*q - a - f*q. Give p(5).
8
Let w(v) = 13 - v**2 - 2799*v + 1391*v + 1399*v. Give w(-9)